r?
False
Let f = -83 + 127. Let w = 188 - 105. Suppose h - w = f. Is h prime?
True
Let k be 1*(-1)/(-3) + 28/6. Suppose -15 = -2*m + k*i, -2*i + 3*i - 31 = -3*m. Is m a prime number?
False
Let t(q) = 4*q**3 - 4*q**2 + 2*q. Let p be t(1). Is ((-4)/16 - (-3980)/16)*p a prime number?
False
Suppose -11*j = -13*j + 60. Let f = 39 - j. Suppose -2578 = -f*g + 851. Is g prime?
False
Is (-9)/(-21) - (-22)/14 - (-777591)/9 a composite number?
True
Let s = 15115 - 4100. Suppose -3*d + d + 4386 = 3*m, 0 = 5*d - 5*m - s. Is d a prime number?
False
Suppose -2*j + j + 4*a + 56 = 0, 5*j - 200 = 4*a. Let w = j + -34. Is 1415/2 - 1/w a composite number?
True
Suppose 5*g = k + 3*k + 10, k + 5*g - 10 = 0. Let t(o) = -o**2 + 4*o + 8861. Is t(k) a composite number?
False
Suppose -4*r - 18869210 = -30*r - 3555028. Is r composite?
True
Suppose -4*s = -2*s + 2. Let t be 801*(6/(-9) - s). Suppose 3*u - t = 2*u. Is u a composite number?
True
Let b(t) = 349489*t**2 + 15*t - 9. Is b(1) a composite number?
True
Let a(s) = 250*s**2 + 3*s + 2. Let l be a(-1). Let m be (-1 + l)*(-36)/(-8). Suppose m + 771 = 3*o. Is o a prime number?
False
Let i = -201 + 218. Let o(q) = 198*q - 219. Is o(i) a composite number?
True
Suppose 1687*r - 1702*r + 642975 = 0. Is r composite?
True
Let o be (3 - -1)*(2 + (-9)/6). Suppose -m + 3*m + 10 = 0. Is m + 141 + o*(-3)/2 a composite number?
True
Let b(k) = -51*k + 7. Let z be b(-1). Is ((-29)/z)/((-2)/89372) composite?
False
Let q be (-6)/(-8)*6*6/9. Suppose t = -o + 67 + 26, 471 = 5*o + q*t. Let s = 287 - o. Is s a prime number?
True
Let j(z) = -10*z + 4. Let n(x) = 21*x - 9. Let c(w) = 5*j(w) + 3*n(w). Let q(u) = 2*u**2 - 12*u - 16. Let r be q(8). Is c(r) composite?
True
Let i(s) = s**3 + 20*s**2 - 107*s - 23. Let o be i(-24). Suppose 122 = -0*r + r + 3*y, -2*r + o = 5*y. Is r prime?
True
Let q = -6194 + 10512. Suppose -31*m = -33*m + q. Is m a composite number?
True
Suppose -2*f - 34 = 2*h, 3*h = -0*h - 2*f - 56. Let v = -19 - h. Suppose -o + 4*t = 2*o - 7717, v*o - 7757 = -4*t. Is o a prime number?
True
Let k(q) = -2*q**2 - 54*q - 50. Let o be k(-26). Is (-3)/o*(-379302)/99 composite?
True
Suppose 20*b + 20 = -44 + 24. Let v(f) = 1138*f + 3. Let i(d) = 2277*d + 6. Let j(y) = -6*i(y) + 11*v(y). Is j(b) composite?
True
Let u be (665/49 - 4) + 6/14. Suppose 5*q = o + u, 3*o = -q - 9 + 27. Suppose 4*l - 5*t - 3329 = -0*l, -q*t + 3321 = 4*l. Is l prime?
False
Let v(l) = l**3 + 15*l**2 - 35*l - 15. Let q be v(-17). Suppose 0 = 2*i + s - 366 - 221, -3*i + q*s + 877 = 0. Is i a prime number?
True
Suppose -8*b = -1208 - 12128. Suppose -y = b - 5868. Is y composite?
False
Suppose 5*r + 2*r - 7 = 0. Let p(i) = 1137*i - 11. Is p(r) a composite number?
True
Let m = 1301642 + -207333. Is m prime?
False
Suppose -3*c + 2 = -10. Suppose 0 = -3*v + 3, -v + 7 = -p + c*p. Is (-4961)/(-7) + p/7 prime?
True
Let y(x) = 8136*x**2 - 9*x - 68. Is y(-5) composite?
True
Let t(i) = -479*i**2 - 2*i - 1. Let x be t(4). Let c(f) = -2497*f - 827. Let h be c(-5). Let z = x + h. Is z a prime number?
False
Suppose -5*g = 5*w - 1170, 4*g - 936 = 50*w - 52*w. Let b = g - -85. Is b a composite number?
True
Let h(x) = 690*x**3 + 5*x**2 + 19. Is h(6) a composite number?
False
Let f(t) = 226*t**2 - 10*t + 12. Let q be f(6). Suppose -5*m + 10105 = 8*p - 3*p, -q = -4*m - 3*p. Suppose -j + m = -876. Is j a composite number?
True
Suppose -90515 + 458775 = 20*v. Is v a prime number?
True
Suppose 2*c - 336 = 14*c. Let i be (-7)/(-21) - (0 - c/(-6)). Let r(b) = 23*b + 24. Is r(i) prime?
True
Let x = 74 + -87. Let f = x + 19. Is 14162/f - 2 - (-32)/48 a composite number?
True
Suppose 8*t = -d + 12*t + 13219, 2*t - 26468 = -2*d. Is d a prime number?
False
Let j = 5099 + 5068. Suppose -j = -23*z + 20*z. Is z a prime number?
True
Suppose -y = 4*n + 1 - 5, 4*y + 4*n = 16. Suppose -y*o + 14*o = 32510. Is o prime?
True
Suppose 0 = 4*s - 3*z + 44050, -10*z + 44052 = -4*s - 8*z. Let c = s - -26109. Is c a composite number?
True
Let f(d) = -280*d**3 + 6*d**2 + 8*d + 6. Let s be f(-3). Let m = 15007 - s. Is m prime?
True
Suppose 2043 = 4*m - 2677. Suppose -5*l + m = -2735. Let u = l + -148. Is u prime?
False
Let n(k) = -k + 7. Let q be n(0). Let d(y) = -3*y + 24. Let r be d(q). Suppose 279 = 3*l - r*i, 91 = 4*l + 5*i - 299. Is l prime?
False
Let v(o) be the second derivative of 11*o**3/3 + 23*o**2/2 + o. Suppose -6*l = -16 - 20. Is v(l) a composite number?
True
Suppose -1968715 = 12*d - 47*d. Is d a composite number?
False
Is (-1 + 9/6)/(123/41601306) a composite number?
False
Let f(k) = -3833*k + 204. Suppose h + 182 = 175. Is f(h) a composite number?
True
Suppose -5*r = 5*i - 9*r + 2444, -4*i - 1980 = 3*r. Let p = i - -1498. Is p a prime number?
False
Suppose -7*i + 75 - 33 = 0. Suppose -5*c + 1298 = 4*z, -2*z = -i*z + 3*c + 1282. Suppose -78*y = -76*y - z. Is y a prime number?
False
Suppose 0 = j - 0*g - 5*g - 22, 0 = -j - 2*g + 1. Let z(c) = 145*c**2 + 17*c + 2. Is z(j) a composite number?
True
Let h = -160 + 90. Let p = -68 - h. Suppose p*k = -y + 579, -2366 = -4*y + 3*k - k. Is y composite?
True
Suppose -t + 11*t = -t + 10016171. Is t a composite number?
False
Suppose -35*h + 40*h = 5*d - 156865, 0 = -4*d - 5*h + 125528. Let t = d + -18344. Is t prime?
True
Let h(a) = -4*a - 509. Let x(p) = -594 - 9*p - 250 + 229 - 404. Let z(v) = -13*h(v) + 6*x(v). Is z(0) composite?
False
Let x(m) = -137*m**2 + 4*m - 39. Let f be x(-12). Let i = -13172 - f. Suppose 5*n + r + 3*r = 8297, 0 = -4*n - 5*r + i. Is n a prime number?
True
Is 720156/5 - (255/25 - 10) a composite number?
False
Let y(s) be the first derivative of 88*s**3/3 - 3*s**2/2 + 71. Is y(2) a composite number?
True
Is ((-168913)/3)/(3/(-9)) prime?
True
Suppose b + 665 = 3*u + 2652, -3*b + u = -5977. Let v = b - -183. Let p = v + -1025. Is p a prime number?
True
Let h(v) = 741*v + 17. Let m be h(8). Suppose 98*b - m = 93*b. Is b a prime number?
False
Suppose 3*x - x + h = 10993, -4*h = -5*x + 27515. Let n = -158 - 2970. Let i = n + x. Is i a composite number?
False
Let a(b) = -b**2 - 6*b + 7. Let u(r) = -r**2 + 12*r + 21. Let k be u(14). Let s be a(k). Suppose 5*p - 4396 - 2539 = s. Is p a composite number?
True
Suppose -5*z - g = -9779843, 5340615 + 4439224 = 5*z + 3*g. Is z prime?
False
Let t = -17608 - -28106. Suppose -14*g + t = -12*g. Suppose 0*w - c + 21048 = 4*w, 0 = -w + 3*c + g. Is w a composite number?
False
Is (20194193/555 - 2/(-5))/(1/3) composite?
False
Let p be (0 - 4515)*3/(-5). Let s = p - 188. Is s a composite number?
False
Let g(b) = -b**3 + 66*b**2 - 17*b - 125. Is g(-32) a composite number?
True
Suppose 0 = -4*c + 7*c + 12, 3*f = 3*c + 73995. Let t = f + -14604. Is t composite?
True
Suppose 0 = -19*o - o + 220. Suppose -400 = -o*h + 1239. Is h a prime number?
True
Let s = -30 - -35. Is (1 - -29843)/6 - s a prime number?
True
Suppose -7351 = -j + 19221. Suppose 3*o = d + j, -2*o = -0*o + 2*d - 17728. Is o composite?
True
Is ((-8)/12 - 104/(-12)) + 229229 a prime number?
True
Suppose 0 = 6*z - 2*z + 17004. Let v = -1108 + 7638. Let f = z + v. Is f a composite number?
True
Let s(t) = 26*t + 79. Let l be s(-3). Is l/((-34973)/(-8743) + -4) composite?
True
Let z = -30 + 34. Suppose -z*u = u. Suppose -4*i + 276 + u = 0. Is i a prime number?
False
Suppose 3*j + 5*f = 34, 6*j = 9*j - 2*f - 20. Suppose -2*i = j - 4, -4*m + 12866 = -3*i. Is m composite?
True
Suppose 3*z = -4*z + 28. Suppose 0 = -t + 7 - z. Suppose 0 = -2*n - n - 5*u + 653, t*n - 625 = 2*u. Is n composite?
False
Let q(v) = -v**2 + 15*v - 21. Let h be q(2). Let y(o) = 73*o + 125*o + 65*o + 22. Is y(h) composite?
True
Suppose -x = 3*y + 341397 - 1201343, 286637 = y + 2*x. Is y prime?
True
Suppose 29*s - 2750 = 19*s. Let i = 772 + s. Is i a composite number?
True
Let y = -213 - -156. Let r = y + 1588. Is r a composite number?
False
Suppose 0 = 11*j - 6*j - 155. Let x = j + 16. Suppose -240 = -v + x. Is v a prime number?
False
Let t(a) = 3*a - 7. Let l(q) = 3*q - 6. Let u(m) = -3*l(m) + 2*t(m). Let p be u(6). Let h(o) = -235*o + 5. Is h(p) a prime number?
False
Let u = -2 - -2. Suppose 4*h = -u*h + 1656. Is (-4 - 0) + 3 + h a prime number?
False
Let o(g) = 4*g - 21. Let y be o(6). Suppose -2*n - 2*a + 22 = -6*n, y*n - a = -17. Let x = n - -313. Is x a composite number?